3*n - 5*k = -k - 26. Does 10 divide n?
True
Let q be 14/8 - (-1)/4. Let d(t) = t**q - 2*t - 1 + 3 - 1. Does 14 divide d(6)?
False
Is ((-2)/2)/(3/(-45)) a multiple of 12?
False
Let c(p) = p**2 - 10*p + 3. Is 5 a factor of c(11)?
False
Let o(v) = v**2 - 11*v - 8. Let w be o(10). Suppose g = -5*t - 61, 9 = 5*g - t + 236. Let j = w - g. Is 14 a factor of j?
True
Let i = -8 - -18. Suppose 2*s - 3*c - i = 3*s, -4*c - 5 = 3*s. Does 3 divide s?
False
Let v(d) be the first derivative of 5*d**3/6 + d**2/2 - 3*d + 3. Let w(l) be the first derivative of v(l). Does 6 divide w(1)?
True
Let m(n) be the third derivative of 2*n**5/15 - n**4/24 - n**3/6 + 3*n**2. Does 7 divide m(-1)?
False
Let c(w) = 4*w**3 + w**2 - 5*w - 3. Let u(q) = -8*q**3 - 3*q**2 + 11*q + 7. Let r(y) = 7*c(y) + 3*u(y). Let t be r(3). Let o = -48 + t. Is 18 a factor of o?
True
Suppose 0 = 4*i + 4*f - 16, f = -4*i + 4*f - 12. Is 0 - -1 - (-5 - i) a multiple of 4?
False
Let r be (1/(-1))/(-1) + -4. Let w = r - 27. Is 14 a factor of (24/10)/((-4)/w)?
False
Let a(i) = i**2 - 8*i - 7. Let q be a(11). Suppose 2*l - q = 6*w - 4*w, -l - 2*w - 2 = 0. Is 8 a factor of l?
True
Suppose 98 + 91 = 9*d. Let b(x) = 2*x - 3. Let s be b(-4). Let y = s + d. Is 10 a factor of y?
True
Let j = 181 + -133. Is j a multiple of 14?
False
Suppose 2*i = -3*i + c - 39, 20 = 5*c. Let n = i + 27. Let t = n + -4. Is 6 a factor of t?
False
Is 59 a factor of 48/(-12) + 1*127?
False
Let a = 68 + -41. Is 5 a factor of 30/(-1)*(-9)/a?
True
Let u = 6 + -4. Suppose 11 = 4*y + 3. Suppose 5*a - u*k - 91 = 0, -y*a + 5 + 35 = k. Is a a multiple of 10?
False
Let m(z) = 4*z**2 - 15*z - 1. Is m(7) a multiple of 15?
True
Suppose 3*f - 2*k = 142, 0*k - 204 = -4*f - k. Is 13 a factor of f?
False
Let z(i) = -i**3 + 10*i**2 - 7*i - 2. Is 8 a factor of z(9)?
True
Let w(z) = z**3 - 3*z**2 + 4*z - 2. Let k be w(2). Let o(q) = 2*q**2 - 4*q**3 + 1 + 0*q**3 + q**3 + k*q**3. Is 19 a factor of o(-3)?
False
Let b be 3 + -6 - (1 + -4). Suppose b*j + 3*j = -45. Does 12 divide 2/5 - 639/j?
False
Let y be (1 - 1)/(32/16). Suppose -p + 0*p + 35 = y. Is p a multiple of 12?
False
Does 74 divide (-33)/(-66) - (-591)/2?
True
Let g = -1 - -4. Is 2 a factor of g?
False
Let h(b) = b**2 - b + 4. Let g be h(0). Suppose 3*w - g*f = 232, -550 + 170 = -5*w + 5*f. Is 21 a factor of w?
False
Suppose -57 = -5*r + 48. Suppose -7*v + 4*v + r = 0. Is v even?
False
Suppose -6*s + 335 + 145 = 0. Is s a multiple of 11?
False
Let r(i) = i**3 - 4*i**2 - 6*i + 6. Let j be r(5). Let z(d) be the third derivative of 13*d**5/20 + d**4/24 - d**3/6 - 12*d**2. Is 15 a factor of z(j)?
False
Is 5 a factor of (-2)/(-13) - (-965)/65?
True
Let j = 23 + -31. Does 4 divide 2 - 2 - 32/j?
True
Let o = 12 + 4. Suppose -o - 20 = -3*v. Is 8 a factor of v?
False
Let x(o) = o**2 + 9*o + 12. Let l be x(-8). Suppose -l*g = -3*n - 29, 2*n = 2*g + g - 22. Does 4 divide g?
True
Let w = 35 + -14. Is w a multiple of 7?
True
Suppose 4*x - 16 = -4*v, -2 = -3*v - 0*v - 5*x. Is v a multiple of 3?
True
Suppose 2*j - 78 = 6. Is 6 a factor of j?
True
Let j be 2 - (-8 + 3 + 2). Suppose 0 = -5*w - 0*w - 4*p + 228, j*p = -3*w + 129. Does 16 divide w?
True
Let t = -1 + 4. Suppose t*i = 5*j + 188, -4*i + 9*i + 3*j - 370 = 0. Let b = -48 + i. Does 10 divide b?
False
Let r = 50 + -27. Does 6 divide r?
False
Let t(b) = -28*b + 7. Is 35 a factor of t(-1)?
True
Suppose 4*n - 4*r + 7 = -r, -2*n + 19 = 3*r. Suppose -16 - 29 = -2*h + 3*s, 50 = n*h - 2*s. Is 15 a factor of h?
True
Suppose -2*c + 5*d - 3*d = 10, 0 = -c - 2*d + 10. Let i = 2 + c. Suppose -2*z - i*z = -4*r + 96, 5*r - 4*z = 119. Does 13 divide r?
False
Let i(t) = -13*t**2 - 4*t - 2. Let q be i(-2). Let x = q - -73. Is 13 a factor of x?
False
Let q(p) = -43*p**3 - p**2 + 2. Is 22 a factor of q(-1)?
True
Suppose 0 = -h - 5*r + 45 + 21, -h + 54 = 2*r. Does 12 divide h - -1*(-1 - 0)?
False
Let p(m) be the third derivative of m**5/10 - m**4/12 + m**3/6 + 2*m**2. Is 3 a factor of p(1)?
False
Suppose -3 = 2*v + 3, 2*i + 4*v = 390. Is i a multiple of 15?
False
Suppose 2*g + g = -5*l + 125, 3*l - 174 = -4*g. Is 15 a factor of g?
True
Suppose -6*h - 252 = -8*h. Does 7 divide h?
True
Let w = -22 - -32. Let s = w + -4. Does 7 divide ((-10)/3)/((-1)/s)?
False
Suppose -4*g + 2*s = -434, 0 = 2*g - 0*s + 3*s - 237. Is 25 a factor of g?
False
Suppose -2*r - 12 = -4*r. Let k(h) = 4*h - 9. Let c be k(r). Suppose -11 - c = -n + 4*w, n + 5*w = 26. Does 9 divide n?
False
Let p = 9 - 5. Suppose p*c - 4*z - 16 = -60, -2*z = -4*c - 52. Does 15 divide c*-1*(-1)/(-1)?
True
Let r = 12 + -3. Does 3 divide r?
True
Let t = 8 - 6. Suppose -5*b = t*f - 6*f + 55, 2*f - 50 = 4*b. Is 3 a factor of b/(-6)*(-18)/(-15)?
True
Let p(m) = -m**3 - 6*m**2 + m. Is p(-7) a multiple of 7?
True
Suppose -3*d + 5*a = -146, a + 4 = -0. Does 20 divide d?
False
Suppose -3*d - 3*t = -639, 4*d - 4*t - 852 = t. Is d a multiple of 11?
False
Suppose 5*q + 2*g - g = 0, 4*g + 15 = -5*q. Let h be q + 4/(8/6). Suppose 4*b - w + h*w = 16, -3*b + 9 = 3*w. Is b a multiple of 3?
False
Suppose 3*n - 30 = -2*n. Is (153/n)/((-3)/(-4)) a multiple of 10?
False
Let v = 3 + 43. Does 27 divide v?
False
Suppose 0 = 5*o + 3*o - 192. Is o a multiple of 4?
True
Let v(t) = -1 + 3*t - 2*t + 0*t. Let b be v(4). Suppose -32 - 13 = -b*f. Is f a multiple of 13?
False
Suppose -9 = -5*v + 36. Suppose -3*g + v = 2*s, 0 = s - 2*s + 4*g + 10. Is (-2)/(-4) - (-33)/s a multiple of 6?
True
Let n = 51 + -45. Is 4 a factor of n?
False
Suppose -1 = 3*x - 4. Let z(q) = 35*q + 1. Does 12 divide z(x)?
True
Let y(o) = 5 + 5 + o - 2. Is y(-6) a multiple of 2?
True
Let h be 1/(-3) + (-272)/(-6). Suppose 4*p = p - h. Does 5 divide ((-4)/6)/(1/p)?
True
Suppose -4*q + 2*q + 6 = 0. Suppose -15 = -0*k + q*k, 0 = 5*h + 3*k + 50. Does 16 divide (66/8)/(h/(-28))?
False
Let v(f) = 9*f**2 + f. Let d be v(1). Let a = d - 4. Suppose -3*r = a*t - 2*t - 51, 24 = 3*r - 5*t. Does 13 divide r?
True
Let k = 278 + -118. Does 23 divide k?
False
Let s(f) = f**2 - 5*f - 2. Let a be s(5). Let p = -10 - 2. Let d = a - p. Is d a multiple of 5?
True
Let l(m) = 6*m + 28. Is 21 a factor of l(4)?
False
Let z(h) = -h**2 - 20*h - 21. Is 25 a factor of z(-12)?
True
Let s be 70/(-21)*(-96)/(-5). Is (s/48)/(1/(-6)) a multiple of 5?
False
Let z = -2 + -1. Suppose -4*m = -169 - 11. Let i = z + m. Is 14 a factor of i?
True
Let f(h) be the third derivative of -h**6/120 + h**5/60 - h**4/12 - h**3/2 + 3*h**2. Is f(-3) a multiple of 14?
False
Let v(t) be the second derivative of -t**3/3 - 3*t**2 + t. Suppose -27 + 6 = 3*l. Is v(l) a multiple of 4?
True
Suppose -2*s + 4*y + 23 + 143 = 0, 2*s - 130 = -5*y. Is s a multiple of 3?
True
Suppose 15 + 6 = -3*y. Let o(c) = -4*c + 14. Let s(q) = 2*q - 7. Let w(k) = -4*o(k) - 9*s(k). Is w(y) a multiple of 12?
False
Let w = 2 - -11. Does 13 divide w?
True
Suppose -2*a + 10 = -0*a, -5*a = -3*w - 358. Is w/(-21) + (-4)/14 a multiple of 5?
True
Suppose -4*n - 72 = -204. Does 13 divide n?
False
Let s(n) = -n**3 - n. Let i be s(-1). Suppose 5*p + 0*v + 110 = 4*v, -i*v - 10 = 0. Let y = 38 + p. Is 12 a factor of y?
True
Let x = -4 + 10. Does 6 divide x?
True
Suppose 4*c + 0*c = 36. Let z = c + -4. Suppose 5*l = 0, 32 = 3*g - z*l - 4. Is g a multiple of 5?
False
Let y(c) = -c**2 - 8*c + 13. Let n be y(-9). Suppose -4*u - n + 8 = 0. Is 2 a factor of (-154)/(-21) - u/3?
False
Let h(n) = n**3 - n**2. Let j be h(2). Let q be (387/(-6))/((-2)/j). Suppose -5*y - 4*u + q = 0, 0*u - 17 = -y - 3*u. Is y a multiple of 16?
False
Let m(z) = -23*z - 15. Does 9 divide m(-3)?
True
Let i(w) be the first derivative of w**4/4 + 14*w**3/3 - w**2/2 - 12*w + 2. Is i(-14) a multiple of 2?
True
Suppose 0 = 2*s - 6, 0 = -2*d - 4*s + 121 + 71. Suppose -5*u - 2*i = -d, 0*i + 90 = 5*u + i. Is 7 a factor of u?
False
Let m(c) = c - 11. Let x be m(13). Suppose -4*f + 2*s = 0, 4*s + x = -6. Let l(z) = 20*z**2. Is 10 a factor of l(f)?
True
Suppose 10*f - 702 = -3*f. Is f a multiple of 18?
True
Let b = -5 + 10. Suppose b*g - 10 = 35. Is 3 a factor of g?
True
Is 4575/30*(-8)/(-10) a multiple of 14?
False
Suppose -3*y + 54 = -54. Does 18 divide y?
True
Suppose -35 = -3*o - 5*j, 2*j + 18 = 5*o - 3*o. Does 3 divide 11 + 0 - (o + -7)?
False
Let u(h) = -2*h - 2 - 5*h**2 - 4*h + 4*h**2. Let x be (-37)/7